 0*x. Suppose -x*j + 24 = -6. Calculate the remainder when j is divided by h(14).
5
Let k(g) = 2*g**3 + g**2 - 4*g + 2. Let j be k(3). Suppose -2*a + 93 + j = 0. What is the remainder when a is divided by 1/5 + 94/5?
16
Let f be 162 + (-12)/(3/1). Suppose 0 = 8*q - f - 98. Calculate the remainder when 61 is divided by q.
29
Suppose 8*v - 215 = 3*v - 5*r, 0 = 3*r. Suppose 126 = c - 4*b, -8*c = -4*c + b - 504. What is the remainder when c is divided by v?
40
Suppose 0 = w - 3*i - 70, w + 91 = 2*w + 4*i. Let j(p) = 2*p**2 + p - 1. Suppose 2*n + 2 + 6 = 0. What is the remainder when w is divided by j(n)?
25
Let f = 23 + -5. Suppose -2*s + f = -22. Suppose -s - 12 = -2*j. What is the remainder when 60 is divided by j?
12
Calculate the remainder when 3/(3/193) + 6 is divided by 68.
63
Let z(n) = 4*n**2 + 7*n + 2. What is the remainder when z(-5) is divided by 23?
21
Let m(r) = r + 2. Suppose -5*t - 3 = -4*u, u + 4*u + t - 40 = 0. Calculate the remainder when 35 is divided by m(u).
8
Suppose -34*u = -38*u + 624. Suppose 0 = 2*p - p - 2*o - u, 4 = -2*o. What is the remainder when p is divided by 17?
16
Suppose t - 3*t + 64 = 0. Suppose t = 4*o - 36. Calculate the remainder when o is divided by (-21)/(-2) + (-1)/2.
7
What is the remainder when 99 is divided by (-2 + 3)*1*270/27?
9
Suppose 13 = r - 5. Let z be (-5)/(-2)*4 + -2. Suppose z*s - 5*s = 150. What is the remainder when s is divided by r?
14
Let o = 15 + -12. Let p(h) = 2*h**3 - 2*h**2 + 2*h + 3. Let n be p(o). Suppose 6*r = r + n. Calculate the remainder when 15 is divided by r.
6
Suppose 10*o = 460 + 430. What is the remainder when 1956 is divided by o?
87
Let q = -360 + 510. Calculate the remainder when q is divided by 136.
14
Let s = -910 + 1046. What is the remainder when s is divided by 20?
16
Let j = -87 + 159. Let g(d) be the third derivative of d**6/120 + d**5/12 - d**4/24 + 5*d**3/6 - 7*d**2. Calculate the remainder when j is divided by g(-4).
22
Let w be 5/2 + 33/22. Suppose 2*o = -w*j + 496 + 232, 2*j - 376 = 5*o. Suppose -j = -5*n - 58. What is the remainder when n is divided by 7?
4
Let w be 3/(6/46) + -3. Suppose 3*q = 7*q - 232. Calculate the remainder when q is divided by 70/w*40/14.
8
Let c be ((-1)/3)/(2/(-6)). Let n(t) = 2*t**3 - t**2 + 1. Let z be n(c). Suppose 0*r - 36 = -z*r. Calculate the remainder when 53 is divided by r.
17
Suppose -4*q - q = -180. Suppose -l - 5*u + 13 = 0, 5*l = -0*l + 4*u + q. What is the remainder when (l - 8) + 2 + 11 is divided by 5?
3
Suppose 2*u - 18 = -5*s, 4*u - 12 = -0*u - 4*s. Let r(a) = -43*a - 2. Let o = -12 + 23. What is the remainder when r(u) is divided by o?
8
Let h be (-1398)/(-18) - 5 - 1/(-3). Let b = 1 + h. Let g(m) = -m**3 - 10*m**2 - 12*m - 2. What is the remainder when b is divided by g(-9)?
24
Suppose -u = l - 6*u - 190, -12 = 3*u. Calculate the remainder when l is divided by 18.
8
Let o(w) = 5*w - 2. Let l = -17 - -22. What is the remainder when o(6) is divided by l?
3
Suppose -16 = -4*n - h, -4*n - 9*h + 16 = -4*h. Calculate the remainder when 30 is divided by n.
2
Let t(n) = -4*n**2 - n - 1. Let j be t(-1). Let o = j - -33. Suppose -10*q + 1287 - 1207 = 0. Calculate the remainder when o is divided by q.
5
Let g(z) = 5*z - 13. Let i = -33 - -52. Suppose 5*v - 47 = -3*d, d = -2*v - 0*v + i. What is the remainder when g(v) is divided by 19?
18
Let k(b) = 14*b + 47. Let v be k(-8). Calculate the remainder when 23 is divided by (52/v)/(4/(-70)).
9
Let b(d) = -5*d + 4. Suppose -9 + 3 = -3*s. Suppose 0 = -2*r + s - 10. What is the remainder when b(r) is divided by 13?
11
Let u be 132/20 - 10/75*-3. Let i = -1 + 1. Suppose -y - l + u = i, y - 16 = l - 5*l. Calculate the remainder when 5 is divided by y.
1
Let z(b) = b**2 + 15*b - 8. Let w be 440/(-30) + (-4)/(-6). Let h be z(w). Let u = h - -36. What is the remainder when u is divided by 4?
2
Suppose -3*w = -3*r + 399, -495 = 5*w + 5*r + 210. Let d = -75 - w. Let c = 6882 + -6866. Calculate the remainder when d is divided by c.
14
Let d(m) be the first derivative of 2*m**3/3 + 9*m**2/2 - 6*m - 3. Let j = 5 - -5. What is the remainder when d(-7) is divided by j?
9
Suppose 5*r = -3*y + 82, -22 = -3*r + 6*y - y. Calculate the remainder when 151 is divided by r.
11
Suppose 5*p - 5*m + 25 = 0, 20 = 3*p + 2*m + 2*m. Suppose s - t - 18 = -5*t, -4*s - 2*t + 30 = p. Let x = s + -5. What is the remainder when 3 is divided by x?
0
Let c(u) = 5*u**2 - 2*u - 2. Let a be c(-1). Suppose -3*l = -a*l + 12. Calculate the remainder when 20 is divided by l.
2
Suppose 4*j + 5*q - 594 = 37, -4*q - 20 = 0. What is the remainder when j is divided by 45?
29
Suppose -4*s + 1 = -11. Suppose -2*u - 23 = -s*u - 5*c, 0 = 2*u + 5*c - 36. Calculate the remainder when 90 is divided by u.
12
Suppose 3 + 5 = -4*j, -j = 4*b - 70. What is the remainder when b is divided by 5?
3
Suppose 0 = 4*k - 90 + 34. What is the remainder when 0 + (-2)/(-4) + (-212)/(-8) is divided by k?
13
Suppose 5*r - 622 = -212. Suppose -86*v = -r*v - 56. What is the remainder when v is divided by 6?
2
Suppose -16*v + 13*v + 232 = 2*j, -2*j + 4 = 0. Calculate the remainder when v is divided by 16.
12
Let b(r) = 4*r**2 + 7*r - 1. Let g be b(-2). Let u(i) = 108*i + 1. Calculate the remainder when u(g) is divided by 28.
25
Let r = -61 + 55. What is the remainder when (-147)/(-2) + 1/(-2) is divided by (0 + 76/r)/(8/(-12))?
16
Suppose -q + 20 = 3*q. Suppose q*k - 27 - 38 = 0. Suppose -3*m = -4*y - 127, -5*m + 156 + 9 = 5*y. What is the remainder when m is divided by k?
11
Suppose -7*u + 11*u - 208 = 0. Calculate the remainder when 621 is divided by u.
49
Suppose -4*w - 1 = -25. Suppose -w*s = -9*s. Suppose 4*n + 2*d - 58 = 0, 3*n - 5*d - 30 - 33 = s. What is the remainder when 29 is divided by n?
13
Suppose -3*x + 15 + 9 = 0. Let k = -7 + 31. Suppose -2*r = -k + x. What is the remainder when 31 is divided by r?
7
Let k = 2 + -3. Let m(x) = 26*x**2 - x - 1. Let y(z) = -2*z**2 - 36*z + 227. Calculate the remainder when y(-22) is divided by m(k).
25
Suppose 4*x = -37 - 3. Let g be (-3)/1*(-31 + x). Suppose 3*z - g + 48 = 0. What is the remainder when z is divided by 9?
7
Calculate the remainder when 142 is divided by (135/(-20))/((-6)/32).
34
Suppose d + 3*i + 37 - 68 = 0, -5*d + 169 = i. Calculate the remainder when 1019 is divided by d.
33
Suppose -4*r = -4*s - 22 - 142, 3*r = -s + 123. Suppose -1 = -2*i + 43. Calculate the remainder when r is divided by i.
19
Let q = 8 + 14. Let j(v) = 4*v + 59. Calculate the remainder when j(7) is divided by q.
21
Let n = -17 + 11. Let l(d) = d**2 + 2*d - 13. What is the remainder when 31 is divided by l(n)?
9
Let y be (3 - 2) + -2 + 4. Suppose 3*j - 89 = -u, -y*u = -2*j + 7*j - 147. Let c = j + -15. Calculate the remainder when 43 is divided by c.
13
Suppose 5*d - 10 = 60. Let f = -8 + 12. Suppose 0*g + 80 = g + 5*j, 5*j + 195 = f*g. What is the remainder when g is divided by d?
13
Calculate the remainder when 3*14/(-6)*(0 + -11) is divided by 26.
25
Let s(b) = 70*b - 320. Suppose 2*n - 326 = -3*a, -43 = -n + 5*a + 94. Suppose 3*w + n = 508. Calculate the remainder when w is divided by s(5).
27
Suppose -a + 5 = 0, -4*v + 4*a + a + 451 = 0. Let d = -103 + v. What is the remainder when 27 - (2 + -4)/1 is divided by d?
13
Let x be ((0 - 2) + -4)/(-1). Let l(s) = s**3 - 2*s**2 + 6*s + 14. Calculate the remainder when l(x) is divided by 39.
38
Suppose 5*i = 5*l + 205, 4*l + 0*l = 0. Let b = i + -25. Calculate the remainder when 108 is divided by b.
12
Let i(p) = -p**2 - 7*p - 6. Let t be i(-6). What is the remainder when 204/14*1*7 is divided by (30 - t) + (17 - 21)?
24
Let o = 549 - 516. Calculate the remainder when 483 is divided by o.
21
Suppose 277 + 559 = 3*i - 2*v, -v = 4. Calculate the remainder when i is divided by 81.
33
Suppose 45*g + 75 = 46*g. Let w(p) = 3*p**2 - 6*p + 2. Suppose -3*s - 3*m = -6*s, 4*s + 4*m - 32 = 0. What is the remainder when g is divided by w(s)?
23
Let x(y) = y**3 + 7*y**2 - 4*y - 4. Let t = -84 - -99. Calculate the remainder when x(-6) is divided by t.
11
Let w be 1*4*(-2 - -3). Suppose w*s = 74 - 2. What is the remainder when 81 is divided by (s - -3)/1*1?
18
Let i be 47/(-4) - 7/28. Let g be (i - -7) + 2 + 0. What is the remainder when 5 is divided by g*2/4*-2?
2
What is the r